
13
Let u be (-1)/(-3) + 8/3. Suppose u*k = 4*k. Suppose k = z + 3 - 73. What is the greatest common divisor of 28 and z?
14
Suppose 0 = 2*k + 2*h - 52, -2*k - 2*k + 106 = 5*h. What is the greatest common divisor of k and 3?
3
Let n be (3 - 0)/(-3) + 9. Let z(c) = -c**3 + 4*c**2 - 2*c + 1. Let k be z(3). Suppose -n = -k*o + 8. Calculate the highest common divisor of 20 and o.
4
Suppose -11 = -w + 5. What is the greatest common divisor of w and 112?
16
Suppose 0 = -5*a + 5*g + 185, -24 = -a - 3*g + 25. Let r(l) = 3 - 3 + l - 3. Let u be r(8). Calculate the highest common factor of a and u.
5
Let g(f) = -f**3 - 11*f**2 - 2*f + 21. Let t be g(-12). Suppose 5*p + 3*c = 96, 5*c = 2*p + c - 54. Calculate the greatest common factor of p and t.
21
Let x = 22 - 9. Let o(t) = 3*t - 2 + 0*t - 14*t - 7*t. Let c be o(-3). Calculate the greatest common divisor of c and x.
13
Let u be (48/10)/(3/105). Suppose -3*h + 0*h = -u. Calculate the highest common divisor of 8 and h.
8
Let n be ((-9)/(9/(-3)))/1. Suppose 2*c - 4*c = -2*h, 2*c - 18 = -4*h. Calculate the greatest common factor of c and n.
3
Let u be (-2 - (-3 - -1)) + 99. Let b = -10 + 15. Let v = 14 - b. What is the highest common factor of u and v?
9
Suppose -2*t + 70 = -42. Calculate the greatest common divisor of 7 and t.
7
Let h = 14 - 10. Let q be (1*32)/(4 - 3). Calculate the greatest common divisor of q and h.
4
Let g(t) = -2*t**3 - 7*t**2 + 2*t + 6. Let h be g(-5). Let r = h - 45. Suppose -3*m + 40 = -r. What is the highest common factor of 110 and m?
22
Let s = -222 - -110. Let x be (s/24)/((-1)/9). What is the greatest common factor of x and 28?
14
Suppose 0 = -z + 2*u + 3, -5*u + u = -3*z + 13. What is the greatest common divisor of 28 and z?
7
Let a(c) = 5*c**2 + c + 2. Let z be a(3). Suppose -2*h = 18 - 98. Suppose 4*f = 8*f - h. What is the highest common divisor of z and f?
10
Let t be 8/44 - (-48)/(-22). Let f(w) = -3*w + 3. Let o be f(t). What is the greatest common divisor of o and 9?
9
Let a = 51 - 26. Let w = a - -2. Suppose -5*u + w + 53 = 0. Calculate the greatest common factor of u and 48.
16
Let j = -6 + 14. Suppose -j*n + 4*n = -12. Suppose -17 = x - 2*x - 2*a, -42 = -x + 3*a. Calculate the greatest common factor of x and n.
3
Suppose -2*u = -6, q + 15 = 4*q - 2*u. Let g(z) = 15*z + 5. Let v be g(q). What is the highest common divisor of v and 10?
10
Suppose -a = u, -5*a = 6*u - 2*u + 4. What is the highest common factor of u and 10?
2
Suppose -3*j = 3*y - 213, y - 147 - 188 = -5*j. Suppose -18 = -4*q + j. Calculate the greatest common divisor of q and 7.
7
Suppose 2*l - 10 = -z, 0*z - z + 4 = -4*l. Suppose x - 14 = -5*f, 3 = 4*f + x - z. Let n = 152 - 146. What is the greatest common divisor of f and n?
3
Let u(a) = -26*a + 1. Let p be 1/(-2) - (-3)/(-6). Let m be u(p). Calculate the greatest common divisor of 243 and m.
27
Let u(c) = c**3 + 11*c**2 + 8*c - 7. Let n be u(-10). What is the highest common factor of 26 and n?
13
Let d be 2/11 - 84/(-22). Let s = d - -16. What is the highest common divisor of 8 and s?
4
Let o = -13 + 14. What is the highest common divisor of 9 and o?
1
Suppose 12 + 28 = 5*p. What is the greatest common factor of p and 32?
8
Let z be 12/(-6) - -2*15. What is the greatest common divisor of z and 14?
14
Let b = 11 + -4. What is the greatest common factor of 56 and b?
7
Suppose 2*g = g. Suppose g = -4*v - 3*w + 141, 2*w = 3*w + 5. What is the highest common divisor of 13 and v?
13
Let a(r) = r**3 - 5*r**2 + 1. Let q be a(5). Let b(u) = -u**2 + 7*u + 20. Let l be b(9). Suppose 4*m - 4 = l*m. What is the greatest common factor of m and q?
1
Let t = -21 + 31. Calculate the highest common factor of 80 and t.
10
Let l(f) = -f**3 + 5*f**2 - 4*f + 2. Let c be l(4). Suppose -2*s - c*s = -16. Calculate the highest common divisor of s and 24.
4
Let i(a) = -a - 2. Let c be i(-2). Suppose -k + x + 142 = c, x + 79 = 3*k - 349. What is the highest common divisor of k and 13?
13
Let b(u) = -4*u + 9. Let i be b(-17). Suppose -3*t + 67 = 5*n, -5*n + 3 = -t - 48. Calculate the greatest common factor of n and i.
11
Let j = 17 - 8. Suppose 2*y - 3 = y, -3*i - 5*y = -159. Suppose i = 3*c - 87. What is the greatest common factor of j and c?
9
Suppose 4*q - 170 = -2*s, -2*q + 4*q + 4*s = 70. Suppose -3*y + 2*n + 23 = 0, -4*n - 36 = -5*y + 5. What is the highest common divisor of q and y?
5
Let m be 11/3 + (-1)/(-3). Suppose 0 = -6*o + 3*o + 15. Suppose u + i = m*i + 16, -i - 52 = -o*u. Calculate the highest common divisor of u and 60.
10
Suppose 0 = -4*z + z + 570. Calculate the highest common divisor of z and 10.
10
Suppose -8*k + 4*k + 192 = 0. What is the greatest common factor of 32 and k?
16
Let v(b) = 5*b**2 - 8*b - 9. Let p(j) = -j**2. Let n(c) = 6*p(c) + v(c). Let y be n(-6). What is the greatest common divisor of 1 and y?
1
Suppose 3*d = -3*t + 15, 0 = 3*t - 2*d + d + 1. What is the greatest common factor of 5 and t?
1
Suppose -y - 3*h - 8 = -22, 10 = y + 5*h. Calculate the highest common factor of 5 and y.
5
Let b(n) = 3*n + 1. Let h be b(1). Let p be (1/(-1))/((-4)/20). Let d(v) = v**2 - 2*v - 11. Let i be d(p). Calculate the greatest common factor of h and i.
4
Suppose -5*k + 78 = -4*f, 4*f - 4 - 2 = -k. Calculate the highest common divisor of 14 and k.
14
Let n be 3/6*12 + 0. Calculate the greatest common divisor of 48 and n.
6
Let w(k) = -k + 11. Let r be w(8). Suppose 3*u - 67 = -u + 5*x, r*u - x - 53 = 0. Calculate the highest common factor of u and 2.
2
Let w(s) = s**2 - 4*s - 2. Suppose -1 = -3*k + 2*v, v + 2 = -0*k + 2*k. Suppose l + 1 = -k. Let y be w(l). What is the greatest common divisor of y and 12?
6
Suppose 3*r = 6*r - 36. Let l = 140 + -44. Calculate the highest common divisor of r and l.
12
Suppose 0*z + 4*z = 56. Suppose -w + 2 = -z. Let j be 722/5 + 8/(-20). Calculate the highest common factor of w and j.
16
Suppose -4*a + 414 = -6. Let s be ((-15)/4)/((-8)/32). What is the greatest common factor of s and a?
15
Suppose -3*x - 3*j + 18 = 0, j + 0*j = -2*x + 11. Suppose 4*k - x*k + 3 = 0. Let l be (4 - k)*(97 - -1). What is the greatest common divisor of l and 14?
14
Let g be ((-2)/(-6))/((-4)/(-48)). Suppose -r + 4*u + 32 = 0, r + r - g*u = 48. What is the greatest common divisor of 16 and r?
16
Suppose 0 = 2*z + 6, -y - 123 = -3*y - z. Suppose -3*q = 4*o - 153, -59 = -5*o - q + 146. Calculate the highest common divisor of y and o.
21
Suppose a + 5*p = 10, a + 0*a = -3*p + 6. Let z = 0 - 0. Suppose z = n + 2, a*n = -5*m - 5*n + 265. Calculate the highest common factor of m and 22.
11
Let k(y) be the third derivative of 17*y**6/60 + y**4/12 + y**3/6 + y**2. Let i be k(-1). Let q = i + 116. Calculate the highest common divisor of q and 9.
9
Suppose 3*d = -4*t - 0 + 43, 20 = 2*t + 2*d. Suppose -2*f + 5 + t = 0. Calculate the greatest common divisor of f and 3.
3
Suppose 4*a - m - 106 = 0, 5*a + 3*m - 2*m = 128. Suppose v - a + 1 = 0. Calculate the greatest common divisor of v and 25.
25
Let s be 0 - (-2 - -4 - 6). Suppose -s*u + 0*u + 24 = 0. Suppose -4*j + 0*z = 2*z + u, 2*z + 10 = 0. What is the highest common divisor of 5 and j?
1
Let o = -43 - -45. Let f(z) = z**2 - 4*z + 3. Let h be f(3). Let s(t) = t + 14. Let a be s(h). Calculate the greatest common factor of o and a.
2
Suppose 4*b + 101 = 41. Let p = 26 + b. Let n(t) = 3*t**2 - 2*t + 12. Let k be n(5). Calculate the greatest common factor of k and p.
11
Let i(n) = -n**3 - 6*n**2 + 15*n + 4. Let f be i(-8). Calculate the greatest common factor of 12 and f.
12
Let q be ((-15)/(-10))/((-3)/(-412)). Let i = q - 118. Calculate the highest common factor of i and 8.
8
Let o(j) = 2*j**2 - 19*j - 16. Let u be o(11). Let m be (-2)/1 + (71 - 1). What is the greatest common factor of m and u?
17
Let t be -3 - (21 + -1)/(-2). Suppose t*m - 5*m - 18 = 0. Calculate the greatest common divisor of m and 63.
9
Let f = -42 - -62. Let l = f + -11. Let c be 542/12 - (-6)/(-36). What is the greatest common factor of l and c?
9
Suppose 16 = -0*k - 2*k. Let l(b) = 2*b**2 + 12*b + 12. Let m be l(k). Calculate the greatest common factor of m and 4.
4
Let o(a) = 4*a + 4. Suppose 4*q - 11 = 5*m, m - 5*q + 25 = 6*m. Suppose 23 = 4*d - m. Let s be o(d). Calculate the highest common divisor of 14 and s.
14
Suppose 0